{"id":3120,"date":"2020-02-04T16:33:43","date_gmt":"2020-02-04T15:33:43","guid":{"rendered":"https:\/\/www.cgtulcomminges.fr\/?page_id=3120"},"modified":"2023-04-04T23:05:21","modified_gmt":"2023-04-04T22:05:21","slug":"conseillers-du-salarie","status":"publish","type":"page","link":"https:\/\/www.cgtulcomminges.fr\/?page_id=3120","title":{"rendered":"Conseiller du Salari\u00e9"},"content":{"rendered":"<p><strong><a href=\"https:\/\/www.droit-travail-france.fr\/conseiller-salarie_cl1.html?qd=31\" target=\"_blank\" rel=\"noopener\">https:\/\/www.droit-travail-france.fr\/conseiller-salarie_cl1.html?qd=31<\/a><\/strong><\/p>\n<p>Dans les entreprises d\u00e9pourvues d\u2019institution repr\u00e9sentative du personnel,<strong> le salari\u00e9 convoqu\u00e9<\/strong> \u00e0 un entretien pr\u00e9alable au licenciement ou \u00e0 un entretien pr\u00e9paratoire \u00e0 la rupture conventionnelle <strong>a la facult\u00e9 de se faire assister<\/strong>, lors de cet entretien, <strong>par un conseiller du salari\u00e9. <\/strong><\/p>\n<p><strong>Celui-ci exerce sa mission \u00e0 titre b\u00e9n\u00e9vole.<\/strong> Il est soumis au secret professionnel et plus g\u00e9n\u00e9ralement \u00e0 une obligation de discr\u00e9tion \u00e0 l\u2019\u00e9gard des informations pr\u00e9sentant un caract\u00e8re confidentiel et donn\u00e9es comme telles par l\u2019employeur.<\/p>\n<p><strong>En cas de licenciement dans ces entreprises<\/strong>, la lettre de convocation \u00e0 l\u2019entretien pr\u00e9alable au licenciement (envoy\u00e9e en recommand\u00e9 avec accus\u00e9 de r\u00e9ception ou remise en main propre contre r\u00e9c\u00e9piss\u00e9) doit mentionner la facult\u00e9 pour le salari\u00e9 de se faire assister par un conseiller du salari\u00e9 et pr\u00e9ciser l\u2019adresse des services ou la liste des conseillers du d\u00e9partement est disponible.<\/p>\n<p><strong>Les conseillers du salari\u00e9 figurent sur des listes d\u00e9partementales<\/strong> pr\u00e9par\u00e9es dans chaque r\u00e9gion par le directeur r\u00e9gional des entreprises, de la concurrence, de la consommation, du travail et de l\u2019emploi (Direccte), apr\u00e8s consultation des organisations de salari\u00e9s et d\u2019employeurs les plus repr\u00e9sentatives. <strong>Elles sont arr\u00eat\u00e9es par le pr\u00e9fet du d\u00e9partement.<\/strong> Ces listes sont r\u00e9vis\u00e9es tous les 3 ans mais peuvent \u00eatre compl\u00e9t\u00e9es \u00e0 tout moment. <strong>Elles peuvent \u00eatre consult\u00e9es<\/strong> dans toutes les mairies.<\/p>\n","protected":false},"excerpt":{"rendered":"<p>https:\/\/www.droit-travail-france.fr\/conseiller-salarie_cl1.html?qd=31 Dans les entreprises d\u00e9pourvues d\u2019institution repr\u00e9sentative du personnel, le salari\u00e9 convoqu\u00e9 \u00e0 un entretien pr\u00e9alable au licenciement ou \u00e0 un entretien pr\u00e9paratoire \u00e0 la rupture conventionnelle a la facult\u00e9 de se faire assister, lors de cet entretien, par un &hellip; <a href=\"https:\/\/www.cgtulcomminges.fr\/?page_id=3120\">Continuer la lecture <span class=\"meta-nav\">&rarr;<\/span><\/a><\/p>\n","protected":false},"author":7,"featured_media":0,"parent":0,"menu_order":0,"comment_status":"open","ping_status":"open","template":"","meta":{"footnotes":""},"class_list":["post-3120","page","type-page","status-publish","hentry"],"jetpack_sharing_enabled":true,"_links":{"self":[{"href":"https:\/\/www.cgtulcomminges.fr\/index.php?rest_route=\/wp\/v2\/pages\/3120","targetHints":{"allow":["GET"]}}],"collection":[{"href":"https:\/\/www.cgtulcomminges.fr\/index.php?rest_route=\/wp\/v2\/pages"}],"about":[{"href":"https:\/\/www.cgtulcomminges.fr\/index.php?rest_route=\/wp\/v2\/types\/page"}],"author":[{"embeddable":true,"href":"https:\/\/www.cgtulcomminges.fr\/index.php?rest_route=\/wp\/v2\/users\/7"}],"replies":[{"embeddable":true,"href":"https:\/\/www.cgtulcomminges.fr\/index.php?rest_route=%2Fwp%2Fv2%2Fcomments&post=3120"}],"version-history":[{"count":10,"href":"https:\/\/www.cgtulcomminges.fr\/index.php?rest_route=\/wp\/v2\/pages\/3120\/revisions"}],"predecessor-version":[{"id":4273,"href":"https:\/\/www.cgtulcomminges.fr\/index.php?rest_route=\/wp\/v2\/pages\/3120\/revisions\/4273"}],"wp:attachment":[{"href":"https:\/\/www.cgtulcomminges.fr\/index.php?rest_route=%2Fwp%2Fv2%2Fmedia&parent=3120"}],"curies":[{"name":"wp","href":"https:\/\/api.w.org\/{rel}","templated":true}]}}